{"id":1271,"date":"2025-02-13T10:53:30","date_gmt":"2025-02-13T09:53:30","guid":{"rendered":"https:\/\/alveus.app\/alveus\/?page_id=1271"},"modified":"2025-02-24T11:00:45","modified_gmt":"2025-02-24T10:00:45","slug":"regiflow-2","status":"publish","type":"page","link":"https:\/\/alveus.app\/alveus\/regiflow-2\/","title":{"rendered":"RegiFlow"},"content":{"rendered":"\t\t<div data-elementor-type=\"wp-page\" data-elementor-id=\"1271\" class=\"elementor elementor-1271\" data-elementor-settings=\"{&quot;element_pack_global_tooltip_width&quot;:{&quot;unit&quot;:&quot;px&quot;,&quot;size&quot;:&quot;&quot;,&quot;sizes&quot;:[]},&quot;element_pack_global_tooltip_width_tablet&quot;:{&quot;unit&quot;:&quot;px&quot;,&quot;size&quot;:&quot;&quot;,&quot;sizes&quot;:[]},&quot;element_pack_global_tooltip_width_mobile&quot;:{&quot;unit&quot;:&quot;px&quot;,&quot;size&quot;:&quot;&quot;,&quot;sizes&quot;:[]},&quot;element_pack_global_tooltip_padding&quot;:{&quot;unit&quot;:&quot;px&quot;,&quot;top&quot;:&quot;&quot;,&quot;right&quot;:&quot;&quot;,&quot;bottom&quot;:&quot;&quot;,&quot;left&quot;:&quot;&quot;,&quot;isLinked&quot;:true},&quot;element_pack_global_tooltip_padding_tablet&quot;:{&quot;unit&quot;:&quot;px&quot;,&quot;top&quot;:&quot;&quot;,&quot;right&quot;:&quot;&quot;,&quot;bottom&quot;:&quot;&quot;,&quot;left&quot;:&quot;&quot;,&quot;isLinked&quot;:true},&quot;element_pack_global_tooltip_padding_mobile&quot;:{&quot;unit&quot;:&quot;px&quot;,&quot;top&quot;:&quot;&quot;,&quot;right&quot;:&quot;&quot;,&quot;bottom&quot;:&quot;&quot;,&quot;left&quot;:&quot;&quot;,&quot;isLinked&quot;:true},&quot;element_pack_global_tooltip_border_radius&quot;:{&quot;unit&quot;:&quot;px&quot;,&quot;top&quot;:&quot;&quot;,&quot;right&quot;:&quot;&quot;,&quot;bottom&quot;:&quot;&quot;,&quot;left&quot;:&quot;&quot;,&quot;isLinked&quot;:true},&quot;element_pack_global_tooltip_border_radius_tablet&quot;:{&quot;unit&quot;:&quot;px&quot;,&quot;top&quot;:&quot;&quot;,&quot;right&quot;:&quot;&quot;,&quot;bottom&quot;:&quot;&quot;,&quot;left&quot;:&quot;&quot;,&quot;isLinked&quot;:true},&quot;element_pack_global_tooltip_border_radius_mobile&quot;:{&quot;unit&quot;:&quot;px&quot;,&quot;top&quot;:&quot;&quot;,&quot;right&quot;:&quot;&quot;,&quot;bottom&quot;:&quot;&quot;,&quot;left&quot;:&quot;&quot;,&quot;isLinked&quot;:true}}\" data-elementor-post-type=\"page\">\n\t\t\t\t<div class=\"elementor-element elementor-element-5e27a4f elementor-hidden-tablet elementor-hidden-mobile e-flex e-con-boxed e-con e-parent\" data-id=\"5e27a4f\" data-element_type=\"container\">\n\t\t\t\t\t<div class=\"e-con-inner\">\n\t\t\t\t<div class=\"elementor-element elementor-element-4cbb572 elementor-widget elementor-widget-image\" data-id=\"4cbb572\" data-element_type=\"widget\" data-widget_type=\"image.default\">\n\t\t\t\t<div class=\"elementor-widget-container\">\n\t\t\t\t\t\t\t\t\t\t\t\t\t\t\t<img fetchpriority=\"high\" decoding=\"async\" width=\"2994\" height=\"1591\" src=\"https:\/\/alveus.app\/alveus\/wp-content\/uploads\/2025\/02\/FireShot-Capture-161-RegiFlow-alveus.app_.png\" class=\"attachment-full size-full wp-image-1929\" alt=\"\" srcset=\"https:\/\/alveus.app\/alveus\/wp-content\/uploads\/2025\/02\/FireShot-Capture-161-RegiFlow-alveus.app_.png 2994w, https:\/\/alveus.app\/alveus\/wp-content\/uploads\/2025\/02\/FireShot-Capture-161-RegiFlow-alveus.app_-300x159.png 300w, https:\/\/alveus.app\/alveus\/wp-content\/uploads\/2025\/02\/FireShot-Capture-161-RegiFlow-alveus.app_-1024x544.png 1024w, https:\/\/alveus.app\/alveus\/wp-content\/uploads\/2025\/02\/FireShot-Capture-161-RegiFlow-alveus.app_-768x408.png 768w, https:\/\/alveus.app\/alveus\/wp-content\/uploads\/2025\/02\/FireShot-Capture-161-RegiFlow-alveus.app_-1536x816.png 1536w, https:\/\/alveus.app\/alveus\/wp-content\/uploads\/2025\/02\/FireShot-Capture-161-RegiFlow-alveus.app_-2048x1088.png 2048w, https:\/\/alveus.app\/alveus\/wp-content\/uploads\/2025\/02\/FireShot-Capture-161-RegiFlow-alveus.app_-650x345.png 650w\" sizes=\"(max-width: 2994px) 100vw, 2994px\" \/>\t\t\t\t\t\t\t\t\t\t\t\t\t\t\t<\/div>\n\t\t\t\t<\/div>\n\t\t\t\t\t<\/div>\n\t\t\t\t<\/div>\n\t\t<div class=\"elementor-element elementor-element-cbbc726 e-flex e-con-boxed e-con e-parent\" data-id=\"cbbc726\" data-element_type=\"container\">\n\t\t\t\t\t<div class=\"e-con-inner\">\n\t\t\t\t<div class=\"elementor-element elementor-element-7860b8d elementor-widget elementor-widget-image\" data-id=\"7860b8d\" data-element_type=\"widget\" id=\"logoServizio\" data-widget_type=\"image.default\">\n\t\t\t\t<div class=\"elementor-widget-container\">\n\t\t\t\t\t\t\t\t\t\t\t\t\t\t\t<img decoding=\"async\" width=\"1000\" height=\"1000\" src=\"https:\/\/alveus.app\/alveus\/wp-content\/uploads\/2025\/02\/REGI-FLOW-A-DESTRA.svg\" class=\"attachment-large size-large wp-image-1286\" alt=\"\" \/>\t\t\t\t\t\t\t\t\t\t\t\t\t\t\t<\/div>\n\t\t\t\t<\/div>\n\t\t\t\t<div class=\"elementor-element elementor-element-3cddcaa elementor-widget elementor-widget-spacer\" data-id=\"3cddcaa\" data-element_type=\"widget\" data-widget_type=\"spacer.default\">\n\t\t\t\t<div class=\"elementor-widget-container\">\n\t\t\t\t\t\t\t<div class=\"elementor-spacer\">\n\t\t\t<div class=\"elementor-spacer-inner\"><\/div>\n\t\t<\/div>\n\t\t\t\t\t\t<\/div>\n\t\t\t\t<\/div>\n\t\t\t\t<div class=\"elementor-element elementor-element-0c0d179 elementor-widget elementor-widget-heading\" data-id=\"0c0d179\" data-element_type=\"widget\" data-widget_type=\"heading.default\">\n\t\t\t\t<div class=\"elementor-widget-container\">\n\t\t\t\t\t<h2 class=\"elementor-heading-title elementor-size-default\">\nRegiFlow: Gestione Centralizzata delle Segnalazioni AML\/CFT\n<\/h2>\t\t\t\t<\/div>\n\t\t\t\t<\/div>\n\t\t\t\t<div class=\"elementor-element elementor-element-d80c893 elementor-widget elementor-widget-text-editor\" data-id=\"d80c893\" data-element_type=\"widget\" data-widget_type=\"text-editor.default\">\n\t\t\t\t<div class=\"elementor-widget-container\">\n\t\t\t\t\t\t\t\t\t<div class=\"elementor-element elementor-element-2e688cc elementor-widget elementor-widget-text-editor\" data-id=\"2e688cc\" data-element_type=\"widget\" data-widget_type=\"text-editor.default\"><div class=\"elementor-widget-container\"><p>Nell\u2019ambito della piattaforma Alveus \u00e8 stato sviluppato il modulo RegiFlow, una soluzione innovativa progettata per la gestione e la produzione centralizzata delle segnalazioni di vigilanza Antiriciclaggio (AML\/CFT) .<\/p><\/div><\/div>\t\t\t\t\t\t\t\t<\/div>\n\t\t\t\t<\/div>\n\t\t\t\t\t<\/div>\n\t\t\t\t<\/div>\n\t\t<div class=\"elementor-element elementor-element-de5dc89 e-flex e-con-boxed e-con e-parent\" data-id=\"de5dc89\" data-element_type=\"container\">\n\t\t\t\t\t<div class=\"e-con-inner\">\n\t\t<div class=\"elementor-element elementor-element-dd4d080 e-con-full e-flex e-con e-child\" data-id=\"dd4d080\" data-element_type=\"container\">\n\t\t\t\t<div class=\"elementor-element elementor-element-c2e895a elementor-widget elementor-widget-image\" data-id=\"c2e895a\" data-element_type=\"widget\" data-widget_type=\"image.default\">\n\t\t\t\t<div class=\"elementor-widget-container\">\n\t\t\t\t\t\t\t\t\t\t\t\t\t\t\t<img decoding=\"async\" width=\"3992\" height=\"3730\" src=\"https:\/\/alveus.app\/alveus\/wp-content\/uploads\/2025\/02\/REGIFLOW-1-1.png\" class=\"attachment-full size-full wp-image-2030\" alt=\"\" srcset=\"https:\/\/alveus.app\/alveus\/wp-content\/uploads\/2025\/02\/REGIFLOW-1-1.png 3992w, https:\/\/alveus.app\/alveus\/wp-content\/uploads\/2025\/02\/REGIFLOW-1-1-300x280.png 300w, https:\/\/alveus.app\/alveus\/wp-content\/uploads\/2025\/02\/REGIFLOW-1-1-1024x957.png 1024w, https:\/\/alveus.app\/alveus\/wp-content\/uploads\/2025\/02\/REGIFLOW-1-1-768x718.png 768w, https:\/\/alveus.app\/alveus\/wp-content\/uploads\/2025\/02\/REGIFLOW-1-1-1536x1435.png 1536w, https:\/\/alveus.app\/alveus\/wp-content\/uploads\/2025\/02\/REGIFLOW-1-1-2048x1914.png 2048w, https:\/\/alveus.app\/alveus\/wp-content\/uploads\/2025\/02\/REGIFLOW-1-1-650x607.png 650w\" sizes=\"(max-width: 3992px) 100vw, 3992px\" \/>\t\t\t\t\t\t\t\t\t\t\t\t\t\t\t<\/div>\n\t\t\t\t<\/div>\n\t\t\t\t<\/div>\n\t\t<div class=\"elementor-element elementor-element-7c26ba4 e-con-full e-flex e-con e-child\" data-id=\"7c26ba4\" data-element_type=\"container\">\n\t\t\t\t<div class=\"elementor-element elementor-element-0206f78 elementor-widget elementor-widget-heading\" data-id=\"0206f78\" data-element_type=\"widget\" data-widget_type=\"heading.default\">\n\t\t\t\t<div class=\"elementor-widget-container\">\n\t\t\t\t\t<h2 class=\"elementor-heading-title elementor-size-default\">Cos\u2019\u00e8 il RegiFlow?<\/h2>\t\t\t\t<\/div>\n\t\t\t\t<\/div>\n\t\t\t\t<div class=\"elementor-element elementor-element-68db434 elementor-widget elementor-widget-text-editor\" data-id=\"68db434\" data-element_type=\"widget\" data-widget_type=\"text-editor.default\">\n\t\t\t\t<div class=\"elementor-widget-container\">\n\t\t\t\t\t\t\t\t\t<p class=\"elementor-image-box-description\">RegiFlow consente di ottimizzare la gestione dei dati relativi ai singoli intermediari del gruppo e dei dati consolidati richiesti a livello di gruppo. Il modulo opera su una base di dati unificata e certificata, garantendo la coerenza sia quantitativa che qualitativa delle informazioni. Inoltre, offre la possibilit\u00e0 di recuperare dati da strumenti esistenti, come i questionari Excel attualmente utilizzati, assicurando una transizione fluida e una continuit\u00e0 operativa.<\/p>\t\t\t\t\t\t\t\t<\/div>\n\t\t\t\t<\/div>\n\t\t\t\t<\/div>\n\t\t\t\t\t<\/div>\n\t\t\t\t<\/div>\n\t\t<div class=\"elementor-element elementor-element-fbe4007 e-flex e-con-boxed e-con e-parent\" data-id=\"fbe4007\" data-element_type=\"container\">\n\t\t\t\t\t<div class=\"e-con-inner\">\n\t\t<div class=\"elementor-element elementor-element-3cb6756 e-con-full e-flex e-con e-child\" data-id=\"3cb6756\" data-element_type=\"container\">\n\t\t\t\t<div class=\"elementor-element elementor-element-aeebdc6 elementor-widget elementor-widget-heading\" data-id=\"aeebdc6\" data-element_type=\"widget\" data-widget_type=\"heading.default\">\n\t\t\t\t<div class=\"elementor-widget-container\">\n\t\t\t\t\t<h2 class=\"elementor-heading-title elementor-size-default\">\nCaratteristiche principali di RegiFlow\n<\/h2>\t\t\t\t<\/div>\n\t\t\t\t<\/div>\n\t\t\t\t<div class=\"elementor-element elementor-element-db60c89 elementor-widget elementor-widget-text-editor\" data-id=\"db60c89\" data-element_type=\"widget\" data-widget_type=\"text-editor.default\">\n\t\t\t\t<div class=\"elementor-widget-container\">\n\t\t\t\t\t\t\t\t\t<div class=\"elementor-element elementor-element-639d3a9 e-con-full e-flex e-con e-child\" data-id=\"639d3a9\" data-element_type=\"container\"><div class=\"elementor-element elementor-element-e333ce5 elementor-widget__width-initial elementor-widget elementor-widget-text-editor\" data-id=\"e333ce5\" data-element_type=\"widget\" data-widget_type=\"text-editor.default\"><div class=\"elementor-widget-container\"><ol><li><strong>Gestione avanzata dei flussi di segnalazione:<\/strong><ul><li>Semplifica e automatizza i processi legati alle segnalazioni periodiche obbligatorie in materia di antiriciclaggio e contrasto al finanziamento del terrorismo, in linea con il decreto legislativo 231\/2007 e il Manuale per le segnalazioni di vigilanza antiriciclaggio.<\/li><\/ul><\/li><li><strong>Innovazione tecnologica:<\/strong><ul><li>Importazione dei dati pregressi: Integra i dati dai file Excel utilizzati per il \u201cQuestionario per la raccolta dei dati ai fini AML\/CFT\u201d, garantendo una rapida operativit\u00e0 senza interruzioni.<\/li><li>Automazione e precisione: Automatizza l\u2019allineamento alle nuove strutture segnaletiche, riducendo significativamente i tempi necessari per aggiornare o valorizzare nuove forme tecniche.<\/li><\/ul><\/li><li><strong>Modalit\u00e0 SaaS scalabile e sicura:<\/strong><ul><li>Offerto in modalit\u00e0 Software as a Service (SaaS), RegiFlow garantisce una scalabilit\u00e0 che lo rende adatto a intermediari di diverse dimensioni.<\/li><li>La soluzione \u00e8 accessibile in modo sicuro da qualsiasi sede del gruppo, assicurando massima flessibilit\u00e0 e sicurezza.<\/li><\/ul><\/li><\/ol><\/div><\/div><\/div>\t\t\t\t\t\t\t\t<\/div>\n\t\t\t\t<\/div>\n\t\t\t\t<\/div>\n\t\t<div class=\"elementor-element elementor-element-8a43f79 e-con-full e-flex e-con e-child\" data-id=\"8a43f79\" data-element_type=\"container\">\n\t\t\t\t<div class=\"elementor-element elementor-element-baabe54 elementor-widget elementor-widget-image\" data-id=\"baabe54\" data-element_type=\"widget\" data-widget_type=\"image.default\">\n\t\t\t\t<div class=\"elementor-widget-container\">\n\t\t\t\t\t\t\t\t\t\t\t\t\t\t\t<img loading=\"lazy\" decoding=\"async\" width=\"3949\" height=\"3482\" src=\"https:\/\/alveus.app\/alveus\/wp-content\/uploads\/2025\/02\/REGI-FLOW-3_.png\" class=\"attachment-full size-full wp-image-2031\" alt=\"\" srcset=\"https:\/\/alveus.app\/alveus\/wp-content\/uploads\/2025\/02\/REGI-FLOW-3_.png 3949w, https:\/\/alveus.app\/alveus\/wp-content\/uploads\/2025\/02\/REGI-FLOW-3_-300x265.png 300w, https:\/\/alveus.app\/alveus\/wp-content\/uploads\/2025\/02\/REGI-FLOW-3_-1024x903.png 1024w, https:\/\/alveus.app\/alveus\/wp-content\/uploads\/2025\/02\/REGI-FLOW-3_-768x677.png 768w, https:\/\/alveus.app\/alveus\/wp-content\/uploads\/2025\/02\/REGI-FLOW-3_-1536x1354.png 1536w, https:\/\/alveus.app\/alveus\/wp-content\/uploads\/2025\/02\/REGI-FLOW-3_-2048x1806.png 2048w, https:\/\/alveus.app\/alveus\/wp-content\/uploads\/2025\/02\/REGI-FLOW-3_-650x573.png 650w\" sizes=\"(max-width: 3949px) 100vw, 3949px\" \/>\t\t\t\t\t\t\t\t\t\t\t\t\t\t\t<\/div>\n\t\t\t\t<\/div>\n\t\t\t\t<\/div>\n\t\t\t\t\t<\/div>\n\t\t\t\t<\/div>\n\t\t<div class=\"elementor-element elementor-element-105f4fa e-flex e-con-boxed e-con e-parent\" data-id=\"105f4fa\" data-element_type=\"container\">\n\t\t\t\t\t<div class=\"e-con-inner\">\n\t\t<div class=\"elementor-element elementor-element-8011d50 e-con-full e-flex e-con e-child\" data-id=\"8011d50\" data-element_type=\"container\">\n\t\t\t\t<div class=\"elementor-element elementor-element-a3cfe5e elementor-widget elementor-widget-image\" data-id=\"a3cfe5e\" data-element_type=\"widget\" data-widget_type=\"image.default\">\n\t\t\t\t<div class=\"elementor-widget-container\">\n\t\t\t\t\t\t\t\t\t\t\t\t\t\t\t<img loading=\"lazy\" decoding=\"async\" width=\"3913\" height=\"3522\" src=\"https:\/\/alveus.app\/alveus\/wp-content\/uploads\/2025\/02\/unnamed-file.png\" class=\"attachment-full size-full wp-image-2032\" alt=\"\" srcset=\"https:\/\/alveus.app\/alveus\/wp-content\/uploads\/2025\/02\/unnamed-file.png 3913w, https:\/\/alveus.app\/alveus\/wp-content\/uploads\/2025\/02\/unnamed-file-300x270.png 300w, https:\/\/alveus.app\/alveus\/wp-content\/uploads\/2025\/02\/unnamed-file-1024x922.png 1024w, https:\/\/alveus.app\/alveus\/wp-content\/uploads\/2025\/02\/unnamed-file-768x691.png 768w, https:\/\/alveus.app\/alveus\/wp-content\/uploads\/2025\/02\/unnamed-file-1536x1383.png 1536w, https:\/\/alveus.app\/alveus\/wp-content\/uploads\/2025\/02\/unnamed-file-2048x1843.png 2048w, https:\/\/alveus.app\/alveus\/wp-content\/uploads\/2025\/02\/unnamed-file-650x585.png 650w\" sizes=\"(max-width: 3913px) 100vw, 3913px\" \/>\t\t\t\t\t\t\t\t\t\t\t\t\t\t\t<\/div>\n\t\t\t\t<\/div>\n\t\t\t\t<\/div>\n\t\t<div class=\"elementor-element elementor-element-19f3269 e-con-full e-flex e-con e-child\" data-id=\"19f3269\" data-element_type=\"container\">\n\t\t<div class=\"elementor-element elementor-element-096d62e e-con-full e-flex e-con e-child\" data-id=\"096d62e\" data-element_type=\"container\">\n\t\t\t\t<div class=\"elementor-element elementor-element-ba02397 elementor-widget__width-initial elementor-widget elementor-widget-heading\" data-id=\"ba02397\" data-element_type=\"widget\" data-widget_type=\"heading.default\">\n\t\t\t\t<div class=\"elementor-widget-container\">\n\t\t\t\t\t<h2 class=\"elementor-heading-title elementor-size-default\">I Vantaggi per il Gruppo <\/h2>\t\t\t\t<\/div>\n\t\t\t\t<\/div>\n\t\t\t\t<div class=\"elementor-element elementor-element-68d29d3 elementor-widget__width-initial elementor-widget elementor-widget-text-editor\" data-id=\"68d29d3\" data-element_type=\"widget\" data-widget_type=\"text-editor.default\">\n\t\t\t\t<div class=\"elementor-widget-container\">\n\t\t\t\t\t\t\t\t\t<div class=\"elementor-element elementor-element-6350bba e-con-full e-flex e-con e-child\" data-id=\"6350bba\" data-element_type=\"container\"><div class=\"elementor-element elementor-element-5aab363 elementor-widget__width-initial elementor-widget elementor-widget-text-editor\" data-id=\"5aab363\" data-element_type=\"widget\" data-widget_type=\"text-editor.default\"><div class=\"elementor-widget-container\"><ul><li><strong>Conformit\u00e0 normativa garantita:<\/strong> Allineato ai requisiti normativi italiani ed europei, RegiFlow rappresenta un supporto fondamentale per il rispetto delle normative AML\/CFT.<\/li><li><strong>Efficienza operativa:<\/strong> Automatizza i flussi di lavoro, semplificando le operazioni e riducendo al minimo gli errori manuali.<\/li><li><strong>Riduzione dei rischi:<\/strong> Migliora il controllo e la tracciabilit\u00e0 dei flussi informativi AML\/CFT, minimizzando i rischi di non conformit\u00e0.<\/li><li><strong>Adattabilit\u00e0 e scalabilit\u00e0:<\/strong> Ideale per una vasta gamma di soggetti, tra cui intermediari bancari, finanziari e societ\u00e0 fiduciarie, rispondendo alle specifiche esigenze di ciascun operatore.<\/li><\/ul><\/div><\/div><\/div>\t\t\t\t\t\t\t\t<\/div>\n\t\t\t\t<\/div>\n\t\t\t\t<\/div>\n\t\t\t\t<\/div>\n\t\t\t\t\t<\/div>\n\t\t\t\t<\/div>\n\t\t<div class=\"elementor-element elementor-element-8a19af8 e-flex e-con-boxed e-con e-parent\" data-id=\"8a19af8\" data-element_type=\"container\">\n\t\t\t\t\t<div class=\"e-con-inner\">\n\t\t<div class=\"elementor-element elementor-element-9dafa56 e-con-full e-flex e-con e-child\" data-id=\"9dafa56\" data-element_type=\"container\">\n\t\t\t\t<div class=\"elementor-element elementor-element-3a2cf1b elementor-widget elementor-widget-text-editor\" data-id=\"3a2cf1b\" data-element_type=\"widget\" data-widget_type=\"text-editor.default\">\n\t\t\t\t<div class=\"elementor-widget-container\">\n\t\t\t\t\t\t\t\t\t<p>RegiFlow \u00e8 molto pi\u00f9 di un modulo: \u00e8 uno strumento strategico che consente agli intermediari finanziari di gestire con sicurezza e precisione le segnalazioni antiriciclaggio, ottimizzando tempi e risorse. Con RegiFlow, le aziende possono affrontare le sfide normative con un approccio innovativo, garantendo efficienza, sicurezza e conformit\u00e0 normativa.<\/p>\t\t\t\t\t\t\t\t<\/div>\n\t\t\t\t<\/div>\n\t\t\t\t<\/div>\n\t\t\t\t\t<\/div>\n\t\t\t\t<\/div>\n\t\t<div class=\"elementor-element elementor-element-95a50ac e-con-full e-flex e-con e-child\" data-id=\"95a50ac\" data-element_type=\"container\">\n\t\t\t\t<div class=\"elementor-element elementor-element-591ff87 elementor-widget elementor-widget-text-editor\" data-id=\"591ff87\" data-element_type=\"widget\" data-widget_type=\"text-editor.default\">\n\t\t\t\t<div class=\"elementor-widget-container\">\n\t\t\t\t\t\t\t\t\t<p><strong>Non siamo semplici fornitori, <\/strong><strong>siamo il partner che ti aiuter\u00e0 a ottenere il massimo dalla tua azienda!<\/strong><\/p>\t\t\t\t\t\t\t\t<\/div>\n\t\t\t\t<\/div>\n\t\t\t\t<div class=\"elementor-element elementor-element-66eb8aa elementor-widget elementor-widget-text-editor\" data-id=\"66eb8aa\" data-element_type=\"widget\" data-widget_type=\"text-editor.default\">\n\t\t\t\t<div class=\"elementor-widget-container\">\n\t\t\t\t\t\t\t\t\t<p><em>Scopri come fare la differenza con soluzioni digitali avanzate<\/em><\/p>\t\t\t\t\t\t\t\t<\/div>\n\t\t\t\t<\/div>\n\t\t\t\t<div class=\"elementor-element elementor-element-568e45e elementor-align-center elementor-widget__width-initial elementor-widget elementor-widget-button\" data-id=\"568e45e\" data-element_type=\"widget\" data-widget_type=\"button.default\">\n\t\t\t\t<div class=\"elementor-widget-container\">\n\t\t\t\t\t\t\t\t\t<div class=\"elementor-button-wrapper\">\n\t\t\t\t\t<a class=\"elementor-button elementor-button-link elementor-size-sm\" href=\"https:\/\/alveus.app\/alveus\/\/?page_id=2771\">\n\t\t\t\t\t\t<span class=\"elementor-button-content-wrapper\">\n\t\t\t\t\t\t\t\t\t<span class=\"elementor-button-text\">CONTATTACI <\/span>\n\t\t\t\t\t<\/span>\n\t\t\t\t\t<\/a>\n\t\t\t\t<\/div>\n\t\t\t\t\t\t\t\t<\/div>\n\t\t\t\t<\/div>\n\t\t\t\t<\/div>\n\t\t<div class=\"elementor-element elementor-element-61f2c65 elementor-hidden-tablet elementor-hidden-mobile e-flex e-con-boxed e-con e-parent\" data-id=\"61f2c65\" data-element_type=\"container\">\n\t\t\t\t\t<div class=\"e-con-inner\">\n\t\t\t\t<div class=\"elementor-element elementor-element-85d68d3 elementor-widget elementor-widget-heading\" data-id=\"85d68d3\" data-element_type=\"widget\" data-widget_type=\"heading.default\">\n\t\t\t\t<div class=\"elementor-widget-container\">\n\t\t\t\t\t<h2 class=\"elementor-heading-title elementor-size-default\">Scopri gli altri servizi<\/h2>\t\t\t\t<\/div>\n\t\t\t\t<\/div>\n\t\t<div class=\"elementor-element elementor-element-7a105b4 e-grid e-con-full e-con e-child\" data-id=\"7a105b4\" data-element_type=\"container\">\n\t\t\t\t<div data-ep-wrapper-link=\"{&quot;url&quot;:&quot;?page_id=1352&quot;,&quot;is_external&quot;:&quot;&quot;,&quot;nofollow&quot;:&quot;&quot;,&quot;custom_attributes&quot;:&quot;&quot;}\" style=\"cursor: pointer\" class=\"bdt-element-link elementor-element elementor-element-d0f9297 elementor-widget elementor-widget-image\" data-id=\"d0f9297\" data-element_type=\"widget\" data-widget_type=\"image.default\">\n\t\t\t\t<div class=\"elementor-widget-container\">\n\t\t\t\t\t\t\t\t\t\t\t\t\t\t\t<img loading=\"lazy\" decoding=\"async\" width=\"1000\" height=\"1000\" src=\"https:\/\/alveus.app\/alveus\/wp-content\/uploads\/2025\/02\/AML-PACKAGE-3.svg\" class=\"attachment-large size-large wp-image-841\" alt=\"\" \/>\t\t\t\t\t\t\t\t\t\t\t\t\t\t\t<\/div>\n\t\t\t\t<\/div>\n\t\t\t\t<div data-ep-wrapper-link=\"{&quot;url&quot;:&quot;?page_id=1157&quot;,&quot;is_external&quot;:&quot;&quot;,&quot;nofollow&quot;:&quot;&quot;,&quot;custom_attributes&quot;:&quot;&quot;}\" style=\"cursor: pointer\" class=\"bdt-element-link elementor-element elementor-element-107ad17 elementor-widget elementor-widget-image\" data-id=\"107ad17\" data-element_type=\"widget\" data-widget_type=\"image.default\">\n\t\t\t\t<div class=\"elementor-widget-container\">\n\t\t\t\t\t\t\t\t\t\t\t\t\t\t\t<img loading=\"lazy\" decoding=\"async\" width=\"1000\" height=\"1000\" src=\"https:\/\/alveus.app\/alveus\/wp-content\/uploads\/2025\/02\/TRANSACTION-MONITORING.svg\" class=\"attachment-large size-large wp-image-820\" alt=\"\" \/>\t\t\t\t\t\t\t\t\t\t\t\t\t\t\t<\/div>\n\t\t\t\t<\/div>\n\t\t\t\t<div data-ep-wrapper-link=\"{&quot;url&quot;:&quot;?page_id=1304&quot;,&quot;is_external&quot;:&quot;&quot;,&quot;nofollow&quot;:&quot;&quot;,&quot;custom_attributes&quot;:&quot;&quot;}\" style=\"cursor: pointer\" class=\"bdt-element-link elementor-element elementor-element-bd68bb7 elementor-widget elementor-widget-image\" data-id=\"bd68bb7\" data-element_type=\"widget\" data-widget_type=\"image.default\">\n\t\t\t\t<div class=\"elementor-widget-container\">\n\t\t\t\t\t\t\t\t\t\t\t\t\t\t\t<img loading=\"lazy\" decoding=\"async\" width=\"1000\" height=\"1000\" src=\"https:\/\/alveus.app\/alveus\/wp-content\/uploads\/2025\/02\/CLEAR-ID.svg\" class=\"attachment-large size-large wp-image-817\" alt=\"\" \/>\t\t\t\t\t\t\t\t\t\t\t\t\t\t\t<\/div>\n\t\t\t\t<\/div>\n\t\t\t\t<\/div>\n\t\t\t\t\t<\/div>\n\t\t\t\t<\/div>\n\t\t\t\t<\/div>\n\t\t","protected":false},"excerpt":{"rendered":"<p>RegiFlow: Gestione Centralizzata delle Segnalazioni AML\/CFT Nell\u2019ambito della piattaforma Alveus \u00e8 stato sviluppato il modulo RegiFlow, una soluzione innovativa progettata per la [&hellip;]<\/p>\n","protected":false},"author":1,"featured_media":0,"parent":0,"menu_order":0,"comment_status":"closed","ping_status":"closed","template":"","meta":{"inline_featured_image":false,"footnotes":""},"class_list":["post-1271","page","type-page","status-publish","hentry"],"_links":{"self":[{"href":"https:\/\/alveus.app\/alveus\/wp-json\/wp\/v2\/pages\/1271","targetHints":{"allow":["GET"]}}],"collection":[{"href":"https:\/\/alveus.app\/alveus\/wp-json\/wp\/v2\/pages"}],"about":[{"href":"https:\/\/alveus.app\/alveus\/wp-json\/wp\/v2\/types\/page"}],"author":[{"embeddable":true,"href":"https:\/\/alveus.app\/alveus\/wp-json\/wp\/v2\/users\/1"}],"replies":[{"embeddable":true,"href":"https:\/\/alveus.app\/alveus\/wp-json\/wp\/v2\/comments?post=1271"}],"version-history":[{"count":0,"href":"https:\/\/alveus.app\/alveus\/wp-json\/wp\/v2\/pages\/1271\/revisions"}],"wp:attachment":[{"href":"https:\/\/alveus.app\/alveus\/wp-json\/wp\/v2\/media?parent=1271"}],"curies":[{"name":"wp","href":"https:\/\/api.w.org\/{rel}","templated":true}]}}