{"id":1383,"date":"2025-02-13T12:25:37","date_gmt":"2025-02-13T11:25:37","guid":{"rendered":"https:\/\/alveus.app\/alveus\/?page_id=1383"},"modified":"2025-07-25T17:43:45","modified_gmt":"2025-07-25T15:43:45","slug":"beeye-2","status":"publish","type":"page","link":"https:\/\/alveus.app\/alveus\/beeye-2\/","title":{"rendered":"Beeye"},"content":{"rendered":"\t\t<div data-elementor-type=\"wp-page\" data-elementor-id=\"1383\" class=\"elementor elementor-1383\" data-elementor-settings=\"{&quot;element_pack_global_tooltip_width&quot;:{&quot;unit&quot;:&quot;px&quot;,&quot;size&quot;:&quot;&quot;,&quot;sizes&quot;:[]},&quot;element_pack_global_tooltip_width_tablet&quot;:{&quot;unit&quot;:&quot;px&quot;,&quot;size&quot;:&quot;&quot;,&quot;sizes&quot;:[]},&quot;element_pack_global_tooltip_width_mobile&quot;:{&quot;unit&quot;:&quot;px&quot;,&quot;size&quot;:&quot;&quot;,&quot;sizes&quot;:[]},&quot;element_pack_global_tooltip_padding&quot;:{&quot;unit&quot;:&quot;px&quot;,&quot;top&quot;:&quot;&quot;,&quot;right&quot;:&quot;&quot;,&quot;bottom&quot;:&quot;&quot;,&quot;left&quot;:&quot;&quot;,&quot;isLinked&quot;:true},&quot;element_pack_global_tooltip_padding_tablet&quot;:{&quot;unit&quot;:&quot;px&quot;,&quot;top&quot;:&quot;&quot;,&quot;right&quot;:&quot;&quot;,&quot;bottom&quot;:&quot;&quot;,&quot;left&quot;:&quot;&quot;,&quot;isLinked&quot;:true},&quot;element_pack_global_tooltip_padding_mobile&quot;:{&quot;unit&quot;:&quot;px&quot;,&quot;top&quot;:&quot;&quot;,&quot;right&quot;:&quot;&quot;,&quot;bottom&quot;:&quot;&quot;,&quot;left&quot;:&quot;&quot;,&quot;isLinked&quot;:true},&quot;element_pack_global_tooltip_border_radius&quot;:{&quot;unit&quot;:&quot;px&quot;,&quot;top&quot;:&quot;&quot;,&quot;right&quot;:&quot;&quot;,&quot;bottom&quot;:&quot;&quot;,&quot;left&quot;:&quot;&quot;,&quot;isLinked&quot;:true},&quot;element_pack_global_tooltip_border_radius_tablet&quot;:{&quot;unit&quot;:&quot;px&quot;,&quot;top&quot;:&quot;&quot;,&quot;right&quot;:&quot;&quot;,&quot;bottom&quot;:&quot;&quot;,&quot;left&quot;:&quot;&quot;,&quot;isLinked&quot;:true},&quot;element_pack_global_tooltip_border_radius_mobile&quot;:{&quot;unit&quot;:&quot;px&quot;,&quot;top&quot;:&quot;&quot;,&quot;right&quot;:&quot;&quot;,&quot;bottom&quot;:&quot;&quot;,&quot;left&quot;:&quot;&quot;,&quot;isLinked&quot;:true}}\" data-elementor-post-type=\"page\">\n\t\t\t\t<div class=\"elementor-element elementor-element-55dc24a elementor-hidden-tablet elementor-hidden-mobile e-flex e-con-boxed e-con e-parent\" data-id=\"55dc24a\" data-element_type=\"container\">\n\t\t\t\t\t<div class=\"e-con-inner\">\n\t\t\t\t<div class=\"elementor-element elementor-element-b899a3c elementor-widget elementor-widget-image\" data-id=\"b899a3c\" data-element_type=\"widget\" data-widget_type=\"image.default\">\n\t\t\t\t<div class=\"elementor-widget-container\">\n\t\t\t\t\t\t\t\t\t\t\t\t\t\t\t<img fetchpriority=\"high\" decoding=\"async\" width=\"2994\" height=\"1591\" src=\"https:\/\/alveus.app\/alveus\/wp-content\/uploads\/2025\/02\/FireShot-Capture-159-Clear-ID-alveus.app_-1.png\" class=\"attachment-full size-full wp-image-1912\" alt=\"\" srcset=\"https:\/\/alveus.app\/alveus\/wp-content\/uploads\/2025\/02\/FireShot-Capture-159-Clear-ID-alveus.app_-1.png 2994w, https:\/\/alveus.app\/alveus\/wp-content\/uploads\/2025\/02\/FireShot-Capture-159-Clear-ID-alveus.app_-1-300x159.png 300w, https:\/\/alveus.app\/alveus\/wp-content\/uploads\/2025\/02\/FireShot-Capture-159-Clear-ID-alveus.app_-1-1024x544.png 1024w, https:\/\/alveus.app\/alveus\/wp-content\/uploads\/2025\/02\/FireShot-Capture-159-Clear-ID-alveus.app_-1-768x408.png 768w, https:\/\/alveus.app\/alveus\/wp-content\/uploads\/2025\/02\/FireShot-Capture-159-Clear-ID-alveus.app_-1-1536x816.png 1536w, https:\/\/alveus.app\/alveus\/wp-content\/uploads\/2025\/02\/FireShot-Capture-159-Clear-ID-alveus.app_-1-2048x1088.png 2048w, https:\/\/alveus.app\/alveus\/wp-content\/uploads\/2025\/02\/FireShot-Capture-159-Clear-ID-alveus.app_-1-650x345.png 650w\" sizes=\"(max-width: 2994px) 100vw, 2994px\" \/>\t\t\t\t\t\t\t\t\t\t\t\t\t\t\t<\/div>\n\t\t\t\t<\/div>\n\t\t\t\t\t<\/div>\n\t\t\t\t<\/div>\n\t\t<div class=\"elementor-element elementor-element-8fe0436 e-flex e-con-boxed e-con e-parent\" data-id=\"8fe0436\" data-element_type=\"container\">\n\t\t\t\t\t<div class=\"e-con-inner\">\n\t\t\t\t<div class=\"elementor-element elementor-element-75b3e31 elementor-widget elementor-widget-image\" data-id=\"75b3e31\" data-element_type=\"widget\" id=\"logoServizio\" data-widget_type=\"image.default\">\n\t\t\t\t<div class=\"elementor-widget-container\">\n\t\t\t\t\t\t\t\t\t\t\t\t\t\t\t<img decoding=\"async\" width=\"1000\" height=\"1000\" src=\"https:\/\/alveus.app\/alveus\/wp-content\/uploads\/2025\/02\/BEEYE-A-DESTRA.svg\" class=\"attachment-large size-large wp-image-1386\" alt=\"\" \/>\t\t\t\t\t\t\t\t\t\t\t\t\t\t\t<\/div>\n\t\t\t\t<\/div>\n\t\t\t\t<div class=\"elementor-element elementor-element-842921b elementor-widget elementor-widget-spacer\" data-id=\"842921b\" data-element_type=\"widget\" data-widget_type=\"spacer.default\">\n\t\t\t\t<div class=\"elementor-widget-container\">\n\t\t\t\t\t\t\t<div class=\"elementor-spacer\">\n\t\t\t<div class=\"elementor-spacer-inner\"><\/div>\n\t\t<\/div>\n\t\t\t\t\t\t<\/div>\n\t\t\t\t<\/div>\n\t\t\t\t<div class=\"elementor-element elementor-element-d34b34f elementor-widget elementor-widget-heading\" data-id=\"d34b34f\" data-element_type=\"widget\" data-widget_type=\"heading.default\">\n\t\t\t\t<div class=\"elementor-widget-container\">\n\t\t\t\t\t<h2 class=\"elementor-heading-title elementor-size-default\">Beeye: per le Segnalazione di Operazioni Sospette  - Finalit\u00e0, Strumenti e Requisiti Operativi\n<\/h2>\t\t\t\t<\/div>\n\t\t\t\t<\/div>\n\t\t\t\t<div class=\"elementor-element elementor-element-e7179e9 elementor-widget elementor-widget-text-editor\" data-id=\"e7179e9\" data-element_type=\"widget\" data-widget_type=\"text-editor.default\">\n\t\t\t\t<div class=\"elementor-widget-container\">\n\t\t\t\t\t\t\t\t\t<div class=\"elementor-element elementor-element-000f853 elementor-widget elementor-widget-text-editor\" data-id=\"000f853\" data-element_type=\"widget\" data-widget_type=\"text-editor.default\"><div class=\"elementor-widget-container\"><p>Il modulo Beeye \u00e8 stato sviluppato in piena conformit\u00e0 alle istruzioni emanate dalla UIF, che perseguono i seguenti obiettivi prioritari:<\/p><\/div><\/div>\t\t\t\t\t\t\t\t<\/div>\n\t\t\t\t<\/div>\n\t\t\t\t\t<\/div>\n\t\t\t\t<\/div>\n\t\t<div class=\"elementor-element elementor-element-56efa14 e-flex e-con-boxed e-con e-parent\" data-id=\"56efa14\" data-element_type=\"container\">\n\t\t\t\t\t<div class=\"e-con-inner\">\n\t\t<div class=\"elementor-element elementor-element-41269ca e-con-full e-flex e-con e-child\" data-id=\"41269ca\" data-element_type=\"container\">\n\t\t\t\t<div class=\"elementor-element elementor-element-a54cd9c elementor-widget elementor-widget-image\" data-id=\"a54cd9c\" data-element_type=\"widget\" data-widget_type=\"image.default\">\n\t\t\t\t<div class=\"elementor-widget-container\">\n\t\t\t\t\t\t\t\t\t\t\t\t\t\t\t<img decoding=\"async\" width=\"4458\" height=\"2982\" src=\"https:\/\/alveus.app\/alveus\/wp-content\/uploads\/2025\/02\/BEEYE-1.png\" class=\"attachment-full size-full wp-image-2012\" alt=\"\" srcset=\"https:\/\/alveus.app\/alveus\/wp-content\/uploads\/2025\/02\/BEEYE-1.png 4458w, https:\/\/alveus.app\/alveus\/wp-content\/uploads\/2025\/02\/BEEYE-1-300x201.png 300w, https:\/\/alveus.app\/alveus\/wp-content\/uploads\/2025\/02\/BEEYE-1-1024x685.png 1024w, https:\/\/alveus.app\/alveus\/wp-content\/uploads\/2025\/02\/BEEYE-1-768x514.png 768w, https:\/\/alveus.app\/alveus\/wp-content\/uploads\/2025\/02\/BEEYE-1-1536x1027.png 1536w, https:\/\/alveus.app\/alveus\/wp-content\/uploads\/2025\/02\/BEEYE-1-2048x1370.png 2048w, https:\/\/alveus.app\/alveus\/wp-content\/uploads\/2025\/02\/BEEYE-1-650x435.png 650w\" sizes=\"(max-width: 4458px) 100vw, 4458px\" \/>\t\t\t\t\t\t\t\t\t\t\t\t\t\t\t<\/div>\n\t\t\t\t<\/div>\n\t\t\t\t<\/div>\n\t\t<div class=\"elementor-element elementor-element-33cccbd e-con-full e-flex e-con e-child\" data-id=\"33cccbd\" data-element_type=\"container\">\n\t\t\t\t<div class=\"elementor-element elementor-element-741ff6c elementor-widget elementor-widget-heading\" data-id=\"741ff6c\" data-element_type=\"widget\" data-widget_type=\"heading.default\">\n\t\t\t\t<div class=\"elementor-widget-container\">\n\t\t\t\t\t<h2 class=\"elementor-heading-title elementor-size-default\">La segnalazione di operazioni sospette (SOS) <\/h2>\t\t\t\t<\/div>\n\t\t\t\t<\/div>\n\t\t\t\t<div class=\"elementor-element elementor-element-3b6ed6f elementor-widget elementor-widget-text-editor\" data-id=\"3b6ed6f\" data-element_type=\"widget\" data-widget_type=\"text-editor.default\">\n\t\t\t\t<div class=\"elementor-widget-container\">\n\t\t\t\t\t\t\t\t\t<p class=\"elementor-image-box-description\">Rappresenta un adempimento fondamentale volto a garantire l\u2019efficace contrasto del riciclaggio e del finanziamento del terrorismo, contribuendo al rafforzamento del sistema di prevenzione e repressione dei fenomeni illeciti in ambito finanziario. Tale segnalazione \u00e8 finalizzata a portare a conoscenza dell\u2019Unit\u00e0 di Informazione Finanziaria (UIF) le operazioni per le quali si ha certezza, si nutre un sospetto o sussistono motivi ragionevoli per ritenere che siano in corso, siano state effettuate o tentate, attivit\u00e0 connesse al riciclaggio di proventi di attivit\u00e0 criminose o al finanziamento del terrorismo.<\/p>\t\t\t\t\t\t\t\t<\/div>\n\t\t\t\t<\/div>\n\t\t\t\t<\/div>\n\t\t\t\t\t<\/div>\n\t\t\t\t<\/div>\n\t\t<div class=\"elementor-element elementor-element-4490b30 e-flex e-con-boxed e-con e-parent\" data-id=\"4490b30\" data-element_type=\"container\">\n\t\t\t\t\t<div class=\"e-con-inner\">\n\t\t<div class=\"elementor-element elementor-element-89f6792 e-con-full e-flex e-con e-child\" data-id=\"89f6792\" data-element_type=\"container\">\n\t\t\t\t<div class=\"elementor-element elementor-element-f52ce71 elementor-widget elementor-widget-heading\" data-id=\"f52ce71\" data-element_type=\"widget\" data-widget_type=\"heading.default\">\n\t\t\t\t<div class=\"elementor-widget-container\">\n\t\t\t\t\t<h2 class=\"elementor-heading-title elementor-size-default\">Vantaggi principali<\/h2>\t\t\t\t<\/div>\n\t\t\t\t<\/div>\n\t\t\t\t<div class=\"elementor-element elementor-element-fcddb75 elementor-widget elementor-widget-text-editor\" data-id=\"fcddb75\" data-element_type=\"widget\" data-widget_type=\"text-editor.default\">\n\t\t\t\t<div class=\"elementor-widget-container\">\n\t\t\t\t\t\t\t\t\t<div class=\"elementor-element elementor-element-33bbc46 e-con-full e-flex e-con e-child\" data-id=\"33bbc46\" data-element_type=\"container\"><div class=\"elementor-element elementor-element-8c4d1ce elementor-widget__width-initial elementor-widget elementor-widget-text-editor\" data-id=\"8c4d1ce\" data-element_type=\"widget\" data-widget_type=\"text-editor.default\"><div class=\"elementor-widget-container\"><ul><li><strong>Tempestivit\u00e0 <\/strong>dell\u2019invio delle segnalazioni e dello scambio di informazioni tra i segnalanti e la UIF, attraverso l\u2019utilizzo di un canale telematico sicuro ed efficiente.<\/li><li><strong>Omogeneit\u00e0 e completezza<\/strong>\u00a0delle informazioni contenute nella segnalazione, con attenzione alle specificit\u00e0 delle diverse categorie di segnalanti e delle operazioni oggetto di analisi, al fine di ridurre la necessit\u00e0 di successivi chiarimenti e integrazioni informative;\u2028<\/li><li><strong>Standardizzazione dei contenuti segnaletici<\/strong>\u00a0per agevolare l\u2019accesso e il trattamento automatizzato degli elementi informativi rilevanti;<\/li><li><strong>Integrazione<\/strong> tra dati strutturati e documenti elettronici allegati, sia come parte integrante della segnalazione sia in risposta a richieste puntuali da parte della UIF.<\/li><li><strong>Sinteticit\u00e0 e chiarezza<\/strong> degli elementi descrittivi dell\u2019operativit\u00e0 sospetta, al fine di facilitarne la comprensione e l\u2019analisi da parte degli organi preposti.<\/li><li><strong>Controllo e validazione<\/strong> dei dati inseriti, allo scopo di assicurare la correttezza, coerenza e integrit\u00e0 delle informazioni inoltrate.<\/li><li><strong>Tutela della riservatezza<\/strong> del soggetto segnalante, quale elemento essenziale per promuovere e incentivare una collaborazione attiva e responsabile da parte degli operatori vigilati.<\/li><\/ul><\/div><\/div><\/div>\t\t\t\t\t\t\t\t<\/div>\n\t\t\t\t<\/div>\n\t\t\t\t<\/div>\n\t\t<div class=\"elementor-element elementor-element-e2d5d5d e-con-full e-flex e-con e-child\" data-id=\"e2d5d5d\" data-element_type=\"container\">\n\t\t\t\t<div class=\"elementor-element elementor-element-356383e elementor-widget elementor-widget-image\" data-id=\"356383e\" data-element_type=\"widget\" data-widget_type=\"image.default\">\n\t\t\t\t<div class=\"elementor-widget-container\">\n\t\t\t\t\t\t\t\t\t\t\t\t\t\t\t<img loading=\"lazy\" decoding=\"async\" width=\"1761\" height=\"1821\" src=\"https:\/\/alveus.app\/alveus\/wp-content\/uploads\/2025\/02\/beeye-2.png\" class=\"attachment-full size-full wp-image-2013\" alt=\"\" srcset=\"https:\/\/alveus.app\/alveus\/wp-content\/uploads\/2025\/02\/beeye-2.png 1761w, https:\/\/alveus.app\/alveus\/wp-content\/uploads\/2025\/02\/beeye-2-290x300.png 290w, https:\/\/alveus.app\/alveus\/wp-content\/uploads\/2025\/02\/beeye-2-990x1024.png 990w, https:\/\/alveus.app\/alveus\/wp-content\/uploads\/2025\/02\/beeye-2-768x794.png 768w, https:\/\/alveus.app\/alveus\/wp-content\/uploads\/2025\/02\/beeye-2-1485x1536.png 1485w, https:\/\/alveus.app\/alveus\/wp-content\/uploads\/2025\/02\/beeye-2-629x650.png 629w\" sizes=\"(max-width: 1761px) 100vw, 1761px\" \/>\t\t\t\t\t\t\t\t\t\t\t\t\t\t\t<\/div>\n\t\t\t\t<\/div>\n\t\t\t\t<\/div>\n\t\t\t\t\t<\/div>\n\t\t\t\t<\/div>\n\t\t<div class=\"elementor-element elementor-element-2bf7b7b e-flex e-con-boxed e-con e-parent\" data-id=\"2bf7b7b\" data-element_type=\"container\">\n\t\t\t\t\t<div class=\"e-con-inner\">\n\t\t<div class=\"elementor-element elementor-element-bb26532 e-con-full e-flex e-con e-child\" data-id=\"bb26532\" data-element_type=\"container\">\n\t\t\t\t<div class=\"elementor-element elementor-element-0d84ab0 elementor-widget elementor-widget-text-editor\" data-id=\"0d84ab0\" data-element_type=\"widget\" data-widget_type=\"text-editor.default\">\n\t\t\t\t<div class=\"elementor-widget-container\">\n\t\t\t\t\t\t\t\t\t<div class=\"elementor-element elementor-element-20390da e-flex e-con-boxed e-con e-parent e-lazyloaded\" data-id=\"20390da\" data-element_type=\"container\"><div class=\"e-con-inner\"><div class=\"elementor-element elementor-element-906890b elementor-widget elementor-widget-text-editor\" data-id=\"906890b\" data-element_type=\"widget\" data-widget_type=\"text-editor.default\"><div class=\"elementor-widget-container\"><p>In tale contesto, il corretto utilizzo del nuovo modello segnaletico, unitamente alle funzionalit\u00e0 offerte dal modulo Beeye, rappresenta un presupposto essenziale per rafforzare la qualit\u00e0 del flusso informativo e la collaborazione tra il sistema finanziario e l\u2019Autorit\u00e0, nel rispetto dei principi di legalit\u00e0, trasparenza e riservatezza.<\/p><\/div><\/div><\/div><\/div>\t\t\t\t\t\t\t\t<\/div>\n\t\t\t\t<\/div>\n\t\t\t\t<\/div>\n\t\t\t\t\t<\/div>\n\t\t\t\t<\/div>\n\t\t<div class=\"elementor-element elementor-element-4bdb052 e-con-full e-flex e-con e-child\" data-id=\"4bdb052\" data-element_type=\"container\">\n\t\t\t\t<div class=\"elementor-element elementor-element-bbb3453 elementor-widget elementor-widget-text-editor\" data-id=\"bbb3453\" data-element_type=\"widget\" data-widget_type=\"text-editor.default\">\n\t\t\t\t<div class=\"elementor-widget-container\">\n\t\t\t\t\t\t\t\t\t<p><strong>Non siamo semplici fornitori, <\/strong><strong>siamo il partner che ti aiuter\u00e0 a ottenere il massimo dalla tua azienda!<\/strong><\/p>\t\t\t\t\t\t\t\t<\/div>\n\t\t\t\t<\/div>\n\t\t\t\t<div class=\"elementor-element elementor-element-01b6076 elementor-widget elementor-widget-text-editor\" data-id=\"01b6076\" data-element_type=\"widget\" data-widget_type=\"text-editor.default\">\n\t\t\t\t<div class=\"elementor-widget-container\">\n\t\t\t\t\t\t\t\t\t<p><em>Scopri come fare la differenza con soluzioni digitali avanzate<\/em><\/p>\t\t\t\t\t\t\t\t<\/div>\n\t\t\t\t<\/div>\n\t\t\t\t<div class=\"elementor-element elementor-element-abb38b1 elementor-align-center elementor-widget__width-initial elementor-widget elementor-widget-button\" data-id=\"abb38b1\" data-element_type=\"widget\" data-widget_type=\"button.default\">\n\t\t\t\t<div class=\"elementor-widget-container\">\n\t\t\t\t\t\t\t\t\t<div class=\"elementor-button-wrapper\">\n\t\t\t\t\t<a class=\"elementor-button elementor-button-link elementor-size-sm\" href=\"https:\/\/alveus.app\/alveus\/\/?page_id=2771\">\n\t\t\t\t\t\t<span class=\"elementor-button-content-wrapper\">\n\t\t\t\t\t\t\t\t\t<span class=\"elementor-button-text\">CONTATTACI <\/span>\n\t\t\t\t\t<\/span>\n\t\t\t\t\t<\/a>\n\t\t\t\t<\/div>\n\t\t\t\t\t\t\t\t<\/div>\n\t\t\t\t<\/div>\n\t\t\t\t<\/div>\n\t\t<div class=\"elementor-element elementor-element-9edaa40 elementor-hidden-tablet elementor-hidden-mobile e-flex e-con-boxed e-con e-parent\" data-id=\"9edaa40\" data-element_type=\"container\">\n\t\t\t\t\t<div class=\"e-con-inner\">\n\t\t\t\t<div class=\"elementor-element elementor-element-cc88953 elementor-widget elementor-widget-heading\" data-id=\"cc88953\" data-element_type=\"widget\" data-widget_type=\"heading.default\">\n\t\t\t\t<div class=\"elementor-widget-container\">\n\t\t\t\t\t<h2 class=\"elementor-heading-title elementor-size-default\">Scopri gli altri servizi<\/h2>\t\t\t\t<\/div>\n\t\t\t\t<\/div>\n\t\t<div class=\"elementor-element elementor-element-b45c038 e-grid e-con-full e-con e-child\" data-id=\"b45c038\" data-element_type=\"container\">\n\t\t\t\t<div data-ep-wrapper-link=\"{&quot;url&quot;:&quot;?page_id=1352&quot;,&quot;is_external&quot;:&quot;&quot;,&quot;nofollow&quot;:&quot;&quot;,&quot;custom_attributes&quot;:&quot;&quot;}\" style=\"cursor: pointer\" class=\"bdt-element-link elementor-element elementor-element-b40b45f elementor-widget elementor-widget-image\" data-id=\"b40b45f\" data-element_type=\"widget\" data-widget_type=\"image.default\">\n\t\t\t\t<div class=\"elementor-widget-container\">\n\t\t\t\t\t\t\t\t\t\t\t\t\t\t\t<img loading=\"lazy\" decoding=\"async\" width=\"1000\" height=\"1000\" src=\"https:\/\/alveus.app\/alveus\/wp-content\/uploads\/2025\/02\/AML-PACKAGE-3.svg\" class=\"attachment-large size-large wp-image-841\" alt=\"\" \/>\t\t\t\t\t\t\t\t\t\t\t\t\t\t\t<\/div>\n\t\t\t\t<\/div>\n\t\t\t\t<div data-ep-wrapper-link=\"{&quot;url&quot;:&quot;?page_id=1271&quot;,&quot;is_external&quot;:&quot;&quot;,&quot;nofollow&quot;:&quot;&quot;,&quot;custom_attributes&quot;:&quot;&quot;}\" style=\"cursor: pointer\" class=\"bdt-element-link elementor-element elementor-element-c101807 elementor-widget elementor-widget-image\" data-id=\"c101807\" data-element_type=\"widget\" data-widget_type=\"image.default\">\n\t\t\t\t<div class=\"elementor-widget-container\">\n\t\t\t\t\t\t\t\t\t\t\t\t\t\t\t<img loading=\"lazy\" decoding=\"async\" width=\"1000\" height=\"1000\" src=\"https:\/\/alveus.app\/alveus\/wp-content\/uploads\/2025\/02\/REGIFLOW.svg\" class=\"attachment-large size-large wp-image-816\" alt=\"\" \/>\t\t\t\t\t\t\t\t\t\t\t\t\t\t\t<\/div>\n\t\t\t\t<\/div>\n\t\t\t\t<div data-ep-wrapper-link=\"{&quot;url&quot;:&quot;?page_id=1304&quot;,&quot;is_external&quot;:&quot;&quot;,&quot;nofollow&quot;:&quot;&quot;,&quot;custom_attributes&quot;:&quot;&quot;}\" style=\"cursor: pointer\" class=\"bdt-element-link elementor-element elementor-element-13cf57a elementor-widget elementor-widget-image\" data-id=\"13cf57a\" data-element_type=\"widget\" data-widget_type=\"image.default\">\n\t\t\t\t<div class=\"elementor-widget-container\">\n\t\t\t\t\t\t\t\t\t\t\t\t\t\t\t<img loading=\"lazy\" decoding=\"async\" width=\"1000\" height=\"1000\" src=\"https:\/\/alveus.app\/alveus\/wp-content\/uploads\/2025\/02\/CLEAR-ID.svg\" class=\"attachment-large size-large wp-image-817\" alt=\"\" \/>\t\t\t\t\t\t\t\t\t\t\t\t\t\t\t<\/div>\n\t\t\t\t<\/div>\n\t\t\t\t<div data-ep-wrapper-link=\"{&quot;url&quot;:&quot;?page_id=1157&quot;,&quot;is_external&quot;:&quot;&quot;,&quot;nofollow&quot;:&quot;&quot;,&quot;custom_attributes&quot;:&quot;&quot;}\" style=\"cursor: pointer\" class=\"bdt-element-link elementor-element elementor-element-d995604 elementor-widget elementor-widget-image\" data-id=\"d995604\" data-element_type=\"widget\" data-widget_type=\"image.default\">\n\t\t\t\t<div class=\"elementor-widget-container\">\n\t\t\t\t\t\t\t\t\t\t\t\t\t\t\t<img loading=\"lazy\" decoding=\"async\" width=\"1000\" height=\"1000\" src=\"https:\/\/alveus.app\/alveus\/wp-content\/uploads\/2025\/02\/TRANSACTION-MONITORING.svg\" class=\"attachment-large size-large wp-image-820\" alt=\"\" \/>\t\t\t\t\t\t\t\t\t\t\t\t\t\t\t<\/div>\n\t\t\t\t<\/div>\n\t\t\t\t<\/div>\n\t\t\t\t\t<\/div>\n\t\t\t\t<\/div>\n\t\t\t\t<\/div>\n\t\t","protected":false},"excerpt":{"rendered":"<p>Beeye: per le Segnalazione di Operazioni Sospette &#8211; Finalit\u00e0, Strumenti e Requisiti Operativi Il modulo Beeye \u00e8 stato sviluppato in piena conformit\u00e0 [&hellip;]<\/p>\n","protected":false},"author":1,"featured_media":0,"parent":0,"menu_order":0,"comment_status":"closed","ping_status":"closed","template":"","meta":{"inline_featured_image":false,"footnotes":""},"class_list":["post-1383","page","type-page","status-publish","hentry"],"_links":{"self":[{"href":"https:\/\/alveus.app\/alveus\/wp-json\/wp\/v2\/pages\/1383","targetHints":{"allow":["GET"]}}],"collection":[{"href":"https:\/\/alveus.app\/alveus\/wp-json\/wp\/v2\/pages"}],"about":[{"href":"https:\/\/alveus.app\/alveus\/wp-json\/wp\/v2\/types\/page"}],"author":[{"embeddable":true,"href":"https:\/\/alveus.app\/alveus\/wp-json\/wp\/v2\/users\/1"}],"replies":[{"embeddable":true,"href":"https:\/\/alveus.app\/alveus\/wp-json\/wp\/v2\/comments?post=1383"}],"version-history":[{"count":6,"href":"https:\/\/alveus.app\/alveus\/wp-json\/wp\/v2\/pages\/1383\/revisions"}],"predecessor-version":[{"id":3325,"href":"https:\/\/alveus.app\/alveus\/wp-json\/wp\/v2\/pages\/1383\/revisions\/3325"}],"wp:attachment":[{"href":"https:\/\/alveus.app\/alveus\/wp-json\/wp\/v2\/media?parent=1383"}],"curies":[{"name":"wp","href":"https:\/\/api.w.org\/{rel}","templated":true}]}}